9445 and 385.
35
Calculate the highest common divisor of 297598 and 406.
406
What is the greatest common factor of 9738 and 4137027?
1623
What is the greatest common divisor of 504 and 4060?
28
What is the greatest common factor of 50 and 393950?
50
What is the highest common divisor of 10862 and 2?
2
What is the highest common factor of 51056 and 496?
16
What is the greatest common divisor of 1128 and 152656?
376
What is the greatest common divisor of 15614 and 999?
37
Calculate the greatest common factor of 3182796 and 18.
18
Calculate the highest common factor of 432 and 19746.
18
What is the highest common factor of 195 and 1833?
39
Calculate the highest common factor of 13 and 30641.
13
What is the greatest common divisor of 831987 and 169?
169
What is the greatest common divisor of 3234 and 1518?
66
Calculate the highest common divisor of 86984 and 50464.
664
What is the greatest common divisor of 36364 and 8?
4
What is the highest common factor of 110784 and 24?
24
What is the greatest common divisor of 2615 and 1345?
5
What is the greatest common divisor of 278 and 608959?
139
Calculate the greatest common factor of 652093 and 39.
13
Calculate the greatest common factor of 251289 and 41.
41
Calculate the highest common factor of 312 and 98376.
24
Calculate the highest common divisor of 5359 and 10810.
23
What is the greatest common divisor of 134750 and 50?
50
Calculate the greatest common factor of 448 and 106512.
112
What is the highest common divisor of 102249 and 54?
27
What is the highest common factor of 55 and 32582?
11
Calculate the greatest common divisor of 16037 and 3002.
79
Calculate the highest common factor of 14 and 4391.
1
Calculate the greatest common factor of 812397 and 12.
3
Calculate the highest common factor of 906 and 150.
6
What is the greatest common divisor of 167701 and 134?
67
Calculate the greatest common factor of 351 and 334935.
27
What is the highest common factor of 1097280 and 324?
108
Calculate the highest common divisor of 369 and 1517.
41
Calculate the highest common divisor of 97 and 230957.
97
Calculate the highest common divisor of 6528 and 1296.
48
Calculate the highest common divisor of 239 and 8225902.
239
Calculate the greatest common factor of 186344 and 8.
8
Calculate the greatest common divisor of 113157 and 220.
11
What is the greatest common factor of 16618 and 70?
14
Calculate the greatest common factor of 42279 and 204.
51
What is the greatest common divisor of 145339 and 101?
101
Calculate the greatest common factor of 12532305 and 15.
15
What is the highest common factor of 28135 and 170?
85
Calculate the highest common factor of 82796 and 49.
7
Calculate the greatest common factor of 1189994 and 3848.
962
What is the greatest common divisor of 58638 and 6438?
174
What is the highest common divisor of 39739 and 343?
49
What is the greatest common divisor of 5587 and 7807?
37
Calculate the greatest common divisor of 207999 and 2178.
1089
What is the highest common factor of 712764 and 936?
468
What is the highest common factor of 10593 and 31351?
107
Calculate the highest common factor of 18 and 87866.
2
Calculate the greatest common factor of 10 and 253790.
10
What is the highest common divisor of 20831 and 185?
37
Calculate the greatest common factor of 806 and 40331.
31
Calculate the highest common divisor of 100 and 61940.
20
Calculate the greatest common factor of 2736 and 466032.
912
Calculate the greatest common factor of 70 and 148526.
14
Calculate the highest common factor of 26 and 10496.
2
Calculate the highest common divisor of 7 and 28945.
7
Calculate the greatest common divisor of 13135 and 333.
37
What is the greatest common divisor of 1725 and 675?
75
What is the highest common divisor of 21 and 1566327?
21
What is the greatest common factor of 14 and 154?
14
What is the greatest common factor of 396 and 4128?
12
Calculate the highest common factor of 88900 and 5460.
140
What is the highest common divisor of 936 and 64272?
312
Calculate the highest common divisor of 294 and 577857.
147
What is the greatest common factor of 6368388 and 312?
156
Calculate the highest common factor of 25842 and 472.
118
Calculate the greatest common divisor of 38582 and 404.
202
What is the greatest common factor of 5656 and 2222?
202
What is the highest common divisor of 2 and 3233?
1
What is the greatest common divisor of 9 and 428481?
9
What is the highest common factor of 633779 and 2559?
853
What is the highest common factor of 2142 and 6804?
126
What is the highest common factor of 1802 and 1001011?
901
Calculate the greatest common factor of 31104 and 512.
128
What is the highest common divisor of 281460 and 20?
20
What is the highest common factor of 196704 and 16?
16
Calculate the highest common factor of 680888 and 104.
104
Calculate the highest common divisor of 2552 and 2288.
88
What is the highest common factor of 89960 and 346?
346
What is the greatest common divisor of 106080 and 109888?
544
What is the highest common divisor of 399 and 123?
3
Calculate the greatest common divisor of 46951 and 1856.
29
Calculate the highest common factor of 935746 and 42.
14
Calculate the greatest common factor of 240508 and 24.
4
What is the highest common divisor of 1224 and 175083?
51
What is the greatest common divisor of 1595 and 3355?
55
What is the greatest common factor of 2966200 and 200?
200
Calculate the greatest common factor of 12 and 59673.
3
Calculate the greatest common factor of 20520 and 5760.
360
What is the highest common divisor of 58425 and 60?
15
Calculate the greatest common divisor of 12390 and 1260.
210
Calculate the greatest common divisor of 2987897 and 298.
149
Calculate the highest common divisor of 176 and 1808.
16
Calculate the highest common factor of 37587 and 99.
33
Calculate the greatest common divisor of 50429 and 8651.
211
What is the highest common divisor of 38992 and 16?
16
What is the greatest common divisor of 9022 and 26?
26
Calculate the highest common factor of 48177 and 14544.
909
What is the highest common divisor of 6205 and 333245?
365
Calculate the greatest common factor of 4588 and 124.
124
Calculate the highest common factor of 342 and 64486.
38
What is the greatest common factor of 27288 and 6192?
72
Calculate the greatest common factor of 10896 and 9761.
227
Calculate the greatest common divisor of 22599 and 10137.
93
Calculate the highest common factor of 143068 and 1504.
188
Calculate the greatest common divisor of 7267 and 1849.
43
What is the greatest common factor of 264593 and 21?
7
What is the highest common factor of 10024 and 3556?
28
What is the greatest common divisor of 1547 and 38199?
119
What is the highest common factor of 720 and 576630?
90
Calculate the highest common factor of 384 and 1987104.
96
What is the highest common divisor of 656 and 65712?
16
Calculate the greatest common factor of 315270 and 45.
45
Calculate the highest common divisor of 9145 and 49560.
295
What is the greatest common divisor of 138 and 10842?
6
Calculate the greatest common divisor of 137805 and 420.
15
What is the greatest common divisor of 14 and 80297?
7
Calculate the greatest common divisor of 16742 and 1606.
22
Calculate the greatest common divisor of 987397 and 426.
71
Calculate the highest common factor of 4717395 and 45.
45
Calculate the highest common factor of 2989 and 476.
7
What is the greatest common divisor of 21568 and 6544?
16
What is the greatest common divisor of 1365 and 22867?
13
What is the greatest common factor of 2616 and 430986?
654
Calculate the highest common factor of 12987 and 234.
117
What is the highest common factor of 19560 and 1080?
120
Calculate the greatest common divisor of 459 and 36312.
51
Calculate the highest common factor of 116 and 28.
4
What is the greatest common factor of 1312125 and 30?
15
Calculate the highest common factor of 324 and 2133.
27
Calculate the highest common factor of 13152 and 1248.
96
Calculate the highest common factor of 355 and 155916.
71
What is the greatest common divisor of 166 and 492771?
83
What is the highest common divisor of 1472702 and 786?
262
What is the highest common factor of 7081 and 1533?
73
Calculate the highest common factor of 11973 and 234.
39
Calcula